772?
552780
In base 2, what is 11 + 1001111110011111000000?
1001111110011111000011
In base 2, what is -100 + -1100010000011010010110001?
-1100010000011010010110101
In base 14, what is 2 + 483099a?
483099c
In base 5, what is 32301341 - 1104?
32300232
In base 9, what is 1037 + -14042?
-13004
In base 2, what is 1001011110000000011 + -1000001110?
1001011100111110101
In base 16, what is 33 - f2f8a?
-f2f57
In base 16, what is 236cf6 + -7?
236cef
In base 7, what is -4 - -141233510?
141233503
In base 5, what is 11 + 1112044320?
1112044331
In base 9, what is 0 + 2735416?
2735416
In base 11, what is 323913 - 117?
3237a7
In base 4, what is -1202 - 1011000100?
-1011001302
In base 14, what is -988 + 8239?
7691
In base 5, what is -3001411 + -12011?
-3013422
In base 8, what is -236 + 434?
176
In base 6, what is -155412 + -42143?
-241555
In base 16, what is -6 - 3da3d5?
-3da3db
In base 6, what is -13541 + 1104?
-12433
In base 2, what is -1100010010001100010100010 - -100111?
-1100010010001100001111011
In base 5, what is -1014 + 33401203?
33400134
In base 5, what is 21040421 - -2?
21040423
In base 16, what is 14c - -3dc?
528
In base 5, what is -412423102 - 3?
-412423110
In base 4, what is 1032 + -30232310121?
-30232303023
In base 7, what is 10335466 - 434?
10335032
In base 5, what is -124 - 21122421?
-21123100
In base 2, what is 1100110111111 + -10100110001?
1010010001110
In base 10, what is -104559 + 1756?
-102803
In base 2, what is 1000000111110111 - 1100011101?
111111011011010
In base 9, what is -2 + 14781642?
14781640
In base 16, what is f981 - -11?
f992
In base 12, what is 196b5 + -5a?
19657
In base 7, what is 12152 - -323366?
335551
In base 11, what is 4 + 190482?
190486
In base 5, what is -2 + -11044040413?
-11044040420
In base 7, what is -244 - 120402626?
-120403203
In base 14, what is -130c5c8 + 5?
-130c5c3
In base 12, what is -7a9813 - -5?
-7a980a
In base 6, what is 45135 + -3220?
41515
In base 2, what is -101001100110 + 1100100000001110?
1011110110101000
In base 15, what is -99 - 4152?
-41eb
In base 7, what is 55322 + -625?
54364
In base 12, what is -14a19aa - 27?
-14a1a15
In base 5, what is -14231330 + 142402?
-14033423
In base 9, what is -645 + -8247?
-10003
In base 7, what is -1 - -2503253?
2503252
In base 10, what is -111 + -97886?
-97997
In base 7, what is -416 - 2251133?
-2251552
In base 8, what is -23 - 2753403?
-2753426
In base 5, what is 0 + -12231210400?
-12231210400
In base 6, what is 14302 + -25344?
-11042
In base 14, what is 3d812c4 + 13?
3d812d7
In base 2, what is -10101010000 + -100110111010110?
-101001100100110
In base 6, what is -103301 - 11522?
-115223
In base 11, what is -7 + -1231533?
-123153a
In base 9, what is 4 - 8488816?
-8488812
In base 2, what is -10000 + 100011011000001000?
100011010111111000
In base 14, what is 1 - 208d99?
-208d98
In base 15, what is 3 - 17144218?
-17144215
In base 10, what is 6836 + 5618?
12454
In base 9, what is -2753013 + 13?
-2753000
In base 9, what is 2003728 + 1?
2003730
In base 14, what is -10d4146 - -1?
-10d4145
In base 13, what is -95448771 + -5?
-95448776
In base 2, what is -1110101010001101100111 - -110000?
-1110101010001100110111
In base 16, what is -1c38 - af2?
-272a
In base 9, what is -1543 - -70487?
67844
In base 14, what is 9466 - 1014?
8452
In base 11, what is 65a400 - -45?
65a445
In base 13, what is -6c + -15823?
-15892
In base 4, what is 2 - -1202322231313?
1202322231321
In base 15, what is -5 + -8d42c5?
-8d42ca
In base 15, what is -100d + -ae42?
-be50
In base 3, what is 111110202100211 - 10?
111110202100201
In base 11, what is 6 + -2382258?
-2382252
In base 15, what is -23c + -6517?
-6754
In base 12, what is -427b7 - -129?
-4268a
In base 16, what is -aec88 - 12?
-aec9a
In base 5, what is 441203 + -424003?
12200
In base 2, what is 1010001110001101111 - -1110?
1010001110001111101
In base 7, what is -343325 - -16231?
-324064
In base 12, what is 6a3675b4 - -5?
6a3675b9
In base 6, what is 23202043442 - 4?
23202043434
In base 10, what is 12208 + -5425?
6783
In base 5, what is 13042241214 - -10?
13042241224
In base 6, what is 10 + 1433525355?
1433525405
In base 4, what is 3 + -310103300302?
-310103300233
In base 8, what is -1243443712 + 2?
-1243443710
In base 15, what is 17 + 33565b?
335673
In base 3, what is -1122120200100202 + 2?
-1122120200100200
In base 3, what is 2 + -10102020211011?
-10102020211002
In base 8, what is 1251105 + 263?
1251370
In base 15, what is -2b4 - -337b?
30b7
In base 4, what is 2330222213333 + 0?
2330222213333
In base 16, what is -11b - e85d?
-e978
In base 3, what is -220211002000 - 110202?
-220211112202
In base 6, what is 5 - -1025150025?
1025150034
In base 5, what is 2 - -133004330104?
133004330111
In base 10, what is -203032 + -22?
-203054
In base 11, what is -6823 + -65?
-6888
In base 2, what is -10111011110 - 1100100001111?
-1111011101101
In base 7, what is -444310334 - -4?
-444310330
In base 9, what is 365858653 - -3?
365858656
In base 3, what is -1220000121021112 + -20?
-1220000121021202
In base 3, what is 122101221002110 + -2?
122101221002101
In base 14, what is -383bd8 - 1?
-383bd9
In base 15, what is -32096e + -1?
-320970
In base 12, what is -32 - -b2392a?
b238b8
In base 15, what is 4bb46 - 364?
4b7d2
In base 9, what is -33004484 - -116?
-33004367
In base 7, what is -24 + -12211630?
-12211654
In base 4, what is 1010030023 + -33?
1010023330
In base 4, what is -10212001322023 - 2?
-10212001322031
In base 16, what is -3d8fa87f - 0?
-3d8fa87f
In base 7, what is -435443156 - 2?
-435443161
In base 14, what is -d6a2 + -7b2?
-10074
In base 16, what is 2156e63 + -15?
2156e4e
In base 8, what is 2 + 2504564031?
2504564033
In base 2, what is 11011011010001 - 1101110011101?
1101100110100
In base 3, what is 22 - -110211112020?
110211112112
In base 7, what is 5525 - -1251144?
1260002
In base 5, what is -424413024 + 1?
-424413023
In base 12, what is -2 - -9876434?
9876432
In base 3, what is 1020212211 + 1111201?
1022101112
In base 10, what is -15597677 - 2?
-15597679
In base 5, what is 12 - 102340220?
-102340203
In base 14, what is -6251 + -3d49?
-a19a
In base 3, what is -121201122221212 - -222?
-121201122220220
In base 10, what is 10738 - -5302?
16040
In base 2, what is -110011001110010010 + -1101?
-110011001110011111
In base 5, what is 22210314 + -10?
22210304
In base 13, what is 3 + 162b9b3?
162b9b6
In base 12, what is -44542 + -4a6?
-44a28
In base 7, what is 2541145431 - 3?
2541145425
In base 9, what is 0 + 211240245?
211240245
In base 9, what is -155567478 + 1?
-155567477
In base 3, what is -2011110 - -200001111?
120220001
In base 2, what is 0 + 10100101111000111110?
10100101111000111110
In base 11, what is 0 - 10058929?
-10058929
In base 16, what is ae - 26be8?
-26b3a
In base 6, what is 4013 - 311200?
-303143
In base 4, what is -3101 + -2312110222?
-2312113323
In base 13, what is 1163 - 11526?
-10393
In base 3, what is -110210 - -221012011?
220201101
In base 7, what is 12661 + 231636?
244630
In base 13, what is 57 - a92b88?
-a92b31
In base 8, what is 24 + -2704063?
-2704037
In base 6, what is -22 - 342522?
-342544
In base 12, what is -778364 - 122?
-778486
In base 5, what is -10 + -40103013211?
-40103013221
In base 6, what is -34352204013 + 0?
-34352204013
In base 11, what is -36031a + -20?
-36033a
In base 7, what is 20262222 + -1613?
20260306
In base 12, what is -25b3bb + -11?
-25b410
In base 13, what is -30 + -83c95b?
-83c98b
In base 13, what is 3 - -634117?
63411a
In base 5, what is 41320210 + -30?
41320130
In base 3, what is 10001201 + 122002020?
202010221
In base 13, what is -c4 - 22490?
-22584
In base 4, what is 100 + 311131220210?
311131220310
In base 6, what is -1 + -235325033?
-235325034
In base 4, what is 11231330 - 1010123?
10221201
In base 11, what is 4 + 1142aa0?
1142aa4
In base 14, what is -282c5b - 6?
-282c63
In base 3, what is -1112002111012 - 1201?
-1112002112220
In base 2, what is 10010001110101110010110 + -11?
10010001110101110010011
In base 10, what is 32606 - 728?
31878
In base 14, what is 255bc38 + 2?
255bc3a
In base 7, what is -33 + -12223346?
-12223412
In base 3, what is -12 + 12010002200211?
12010002200122
In base 4, what is -20300102231211 + -11?
-20300102231222
In base 15, what is -73344 + -14?
-73358
In base 9, what is 106 + -231668?
-2